. Let d(p) = 0*p + 3*p + 0*p - h. What are the prime factors of d(7)?
2
Let g = -4 - -2. Let k be (-13)/g + (-1)/2. What are the prime factors of 74/k + (-2)/6?
2, 3
Let i(y) = 343*y**2 + y - 1. List the prime factors of i(1).
7
Let n = -11 - -5. Let t(g) = -6*g - 8. What are the prime factors of t(n)?
2, 7
Let s(r) = r + 2. Let u be s(-4). Let i be ((-27)/(-12))/(1/(-4)). What are the prime factors of u - (i - (-1 - 1))?
5
Let g be (9/4)/((-24)/(-64)). Let h(x) = -x**3 + 7*x**2 - 5*x - 3. What are the prime factors of h(g)?
3
Let s(c) be the first derivative of 2*c**3/3 - 2*c**2 - 3*c + 3. Let o be s(-3). Let z = -16 + o. What are the prime factors of z?
11
Suppose -5*z = 25, -24 = -2*h + 3*h + 5*z. Let m = h - -6. Suppose 2*k - m*k = -15. List the prime factors of k.
3
Let l(n) be the third derivative of -n**4/12 - 4*n**3/3 + 2*n**2. Let t be (6/2)/((-3)/6). List the prime factors of l(t).
2
Let v(f) = 6*f - 39. Let o(k) = 4*k - 26. Let c(h) = 7*o(h) - 5*v(h). Let t(l) = -1. Let q(w) = -c(w) - 4*t(w). List the prime factors of q(6).
3
Let b(f) = -4*f - 4. List the prime factors of b(-24).
2, 23
Let o = -6 + 4. Let t be -2 - -27 - (o - -3). Let k = t + -7. What are the prime factors of k?
17
Let j(t) = 6*t - 1. List the prime factors of j(3).
17
Let l(p) be the first derivative of p**3/3 - 2*p + 4. Let x = -4 + 6. List the prime factors of l(x).
2
Let y(l) = 11*l**2 + l - 2. List the prime factors of y(-4).
2, 5, 17
List the prime factors of ((-9)/6)/((-10)/700).
3, 5, 7
Suppose 2*c + 119 = 5*w - 2*c, 5*w + 3*c = 112. Suppose 0 = 4*u - 0*u + 40. Let g = u + w. What are the prime factors of g?
13
Suppose 0 = 4*q - 5 - 27. List the prime factors of (q + 3)*(1 - 0).
11
Let w = -87 - -215. List the prime factors of w.
2
Let k(n) = n - 11. Let s be k(11). Suppose s = 4*q - 116 + 36. List the prime factors of q.
2, 5
Let u = -13 + 3. Let y = u - -2. Let x(j) = -j**3 - 8*j**2 - j + 5. What are the prime factors of x(y)?
13
Let o = 5 - -14. What are the prime factors of o?
19
Let r = 1150 + -810. List the prime factors of r.
2, 5, 17
Let t = 16 - 10. Let z(w) = 3*w - 9. List the prime factors of z(t).
3
Suppose 5*d + 97 - 595 = 2*k, -d + 2*k = -98. Suppose -5*c + 0*c - d = 5*b, 0 = -5*b - 20. What are the prime factors of c/((1*-6)/3)?
2
Suppose 5*c - 2*o = 120, 3*o + o - 46 = -c. What are the prime factors of c?
2, 13
Let d(s) = -s**3 - 4*s**2 + 7*s + 8. What are the prime factors of d(-7)?
2, 53
Suppose -3*l + 5*b - 70 = -4*l, -350 = -5*l + 5*b. List the prime factors of l.
2, 5, 7
Let a = -26 + 94. List the prime factors of a.
2, 17
Suppose -5*d + h = -1 + 19, 3*d + 3*h = 0. Let t(f) = f**2 + 5*f + 3. Let x be t(d). What are the prime factors of (1/x)/(2/(-42))?
7
Let v = -34 + 59. Let t be v*3/(-12)*-8. Suppose 4*n + n - t = 0. What are the prime factors of n?
2, 5
Suppose -q - 2 = -2*t - 4, -2*t + 3*q = -2. Let s(j) = -9*j + 1. Let n(k) = 26*k - 4. Let p(m) = t*n(m) - 7*s(m). List the prime factors of p(1).
2, 3
Let f be 2 + -1 - (-45)/(-5). List the prime factors of (-324)/(-16) + (-6)/f.
3, 7
Let d(z) = -z**3 + z**2 + z + 10. What are the prime factors of d(0)?
2, 5
Suppose -2*u = -20 - 6. Suppose -4*w = -5*w + u. What are the prime factors of w?
13
Let q be (-6 + 6)*2/4. Suppose q = -4*p + 5*p. Let u(h) = h**2 + 2. List the prime factors of u(p).
2
Let v(i) = i**3 + 6*i**2 + 2*i - 5. Suppose -u + 1 = -2*u. Let p = u + -4. List the prime factors of v(p).
2, 5
Let n(d) be the second derivative of d**3/3 - d. What are the prime factors of n(3)?
2, 3
Suppose -5*u + 16 + 10 = b, 2*u = -b + 11. List the prime factors of u.
5
Suppose -3*o + 13 = -2*o. Let g = o + -1. What are the prime factors of g?
2, 3
Let f(s) = -2*s - 16. What are the prime factors of f(-11)?
2, 3
Let c(d) = -d**3 + d**2 + d. Let k be c(-1). Let f be ((-10)/(-8))/(k/(-4)). List the prime factors of 2/(-1 - f)*14.
7
Suppose 4*w + 18 = 3*l, 6*w + 5*l = 3*w + 1. Let v be (-11)/w + 2/(-3). Suppose -3*h + 4*t = -4, 4*h + v*t = -t + 24. List the prime factors of h.
2
Let d be -2 - (-2*290)/2. Suppose 0 = 5*c + c - d. What are the prime factors of c?
2, 3
Let p = -17 + 12. Let v(l) = 29*l + l**3 - 31*l + 2*l**2 - 5 + 3*l**2. What are the prime factors of v(p)?
5
Let d = -1 - -5. Suppose -5*t - 5*i = -70, -2*t = -0*t + d*i - 34. What are the prime factors of t?
11
Let w = 0 + 4. Suppose w*p + 3*n - 38 = 0, 5*p - 3*n - 18 = 43. What are the prime factors of p?
11
List the prime factors of (-12 - -10)/((-2)/4).
2
Let b = 25 + -44. Let c = b - -27. Let z = c + -3. List the prime factors of z.
5
Suppose r - 147 = -4*o - 33, o + 2*r - 25 = 0. Let t = o + -11. What are the prime factors of t?
2, 3
Suppose -15 = -n + 3*u, -4*n + n + 4*u = -50. Let z be 4/10 + 96/10. Let f = n - z. List the prime factors of f.
2
Suppose -2*j - 15 = -85. Suppose z - j = -4*d - 2*z, 5*z = -2*d + 21. List the prime factors of d.
2
Let z be ((-9)/(-6))/(15/230). What are the prime factors of 1*(-2 - z)/(-1)?
5
List the prime factors of (-58)/(4*3/(-6)).
29
Let t(v) = -v**2 - 4*v - 3. Let f be t(-2). Let m(i) be the second derivative of 3*i**5/5 - i**3/6 + i**2/2 - 6*i. List the prime factors of m(f).
2, 3
Suppose 3*v - 4*d = 156, 3*v + 51 = 4*v - d. What are the prime factors of v?
2, 3
Suppose -v + 0*v + 205 = -5*f, 5*v - 1175 = -5*f. List the prime factors of v.
2, 5, 23
Suppose -5*w + 48 + 137 = 0. Suppose -3 = 5*n + w. What are the prime factors of -2*2/(n/22)?
11
Suppose 5*l - 89 = d - 20, -5*d = 5*l - 75. List the prime factors of l/49 + (-26)/(-7).
2
What are the prime factors of 36/16 - 2/8?
2
Let r(t) = t - 12. Let a be r(5). Let k(l) = 3*l + 0 + 8*l + 5 - 4*l + l**2. What are the prime factors of k(a)?
5
Suppose 4*p - 118 - 26 = 0. What are the prime factors of p?
2, 3
Let s = 1 + 3. Suppose 3*h - 2*l = 2*l + 6, s*h - 8 = 3*l. Suppose -8 = h*y - 26. List the prime factors of y.
3
Let m be 1 + 1/(3/33). Let g = m - 22. Let b = 19 + g. List the prime factors of b.
3
Let p = 77 + -144. Let g = -43 - p. Suppose -4*f + g = 8. What are the prime factors of f?
2
Let u(d) = -d**2 + 10*d - 1. Let c be u(10). List the prime factors of (c - 4/1)*-10.
2, 5
Let z = 39 - 92. Let n = 95 + z. List the prime factors of n.
2, 3, 7
Let f(v) be the third derivative of v**5/60 + v**4/24 + 5*v**3/3 + 4*v**2. Let q be (0 - 1) + 6/6. What are the prime factors of f(q)?
2, 5
Let x(d) = -d**3 - 8*d**2 - 10*d - 6. Let o be x(-6). Let n be 1480/18 - (-4)/o. Suppose 0 = -2*z - q + 33, -2*q + n = -z + 6*z. List the prime factors of z.
2
Let m be (-1)/((-5)/(-4) + -1). Let g be m/3*(-3)/2. Suppose -5*z = g*b - 48, -4*z + 2*b + 12 = -12. What are the prime factors of z?
2
Suppose 6*m - 52 = 5*m. What are the prime factors of m?
2, 13
Suppose 2*b = 4*b, 140 = z + 3*b. List the prime factors of z.
2, 5, 7
List the prime factors of (-8)/(-3 + 11/4).
2
Let o(l) = 7*l + 0*l**3 - 7*l**3 - 1 - 8*l. Let d(t) = t**2 + 7*t + 5. Let v be d(-6). List the prime factors of o(v).
7
Suppose -13*s + 208 + 1521 = 0. List the prime factors of s.
7, 19
Let m = 27 + -43. List the prime factors of 1 - m - (-4 + 2).
19
Suppose 14*i - 95 - 1095 = 0. List the prime factors of i.
5, 17
Suppose -3*m = -85 - 65. List the prime factors of m.
2, 5
Let j(c) be the first derivative of -c**2/2 - 5*c - 4. What are the prime factors of j(-7)?
2
Suppose 189 = b - k + 34, -441 = -3*b - 3*k. List the prime factors of b.
151
Let v be 2/5 - (-4291)/35. Suppose -v = -5*b + 32. List the prime factors of b.
31
List the prime factors of (24 - 7)/(((-8)/26)/(-4)).
13, 17
Let w be ((3 - 1) + -2)*-1. Suppose w*p = 3*p - r - 127, 2*p - 4*r - 68 = 0. Suppose 0 = 3*z - p + 2. What are the prime factors of z?
2, 7
Suppose -k + 2 = r, 20 = -0*r + 5*r + 3*k. List the prime factors of r.
7
Let z(x) = 2*x + 0*x**3 + 8*x**2 + 5*x**2 - x**3 - 4*x**2 - 13. What are the prime factors of z(9)?
5
Let m be 282/12 + (-1)/2. Let i = m + -14. What are the prime factors of (0 - (-3)/i)*63?
3, 7
Suppose 4*x = -j + 2, -x - 3*x - 4 = 4*j. Let t(b) = 2*b - 2*b + b**2 + x. List the prime factors of t(3).
2, 5
Let a = 31 + -19. Suppose -2*c + 3*l + a = -l, 0 = 4*c - 2*l - 18. Suppose 11 = c*v - 21. List the prime factors of v.
2
What are the prime factors of (-6*3/(-18))/(1/46)?
2, 23
Let b(k) = k**3 -